i)?
10
Let p(v) = -31*v**3 - 5*v + 1. Let q(j) = 91*j**3 + 14*j - 3. Let y(i) = -17*p(i) - 6*q(i). Determine y(-1).
19
Let z(f) = 2*f**2. Let q be z(1). Let m(x) = -5*x + 1. Calculate m(q).
-9
Suppose 2 = -5*m - 3. Let x be m/(2 + 9/(-5)). Let w(u) = -u**3 - 5*u**2 - u. Let h be w(x). Let a(f) = f**3 - 5*f**2 - 5. What is a(h)?
-5
Let a(y) = 2*y + 7. Suppose -o + 19 = -3*h - 0*h, 0 = 3*o - 12. Calculate a(h).
-3
Let s be (12 + -2)*1/(-2). Let m be ((-2)/s)/(2/(-10)). Let i be ((-3)/(-6))/(-1)*m. Let b(x) = 4*x**2 - 1. What is b(i)?
3
Suppose w - 5 = -3. Let j(s) be the first derivative of w + 1/2*s**2 + 8*s. Determine j(0).
8
Let u = 44 - 53. Let c(h) = h**3 + 8*h**2 - 8*h + 11. What is c(u)?
2
Suppose -2*q - 3*q = -2*i + 18, -q - 2*i - 6 = 0. Let j(c) = -c**2 - 4*c. What is j(q)?
0
Let i(v) = -v. Suppose 8*n + 65 + 7 = 0. Let q(w) = 5 + 4*w - 2 - 3*w. Let p be q(n). Calculate i(p).
6
Let i be 6/(-8) + (-38)/(-8). Let x(t) = -t**2 + 6*t - 6. Let c be x(i). Let z(d) be the first derivative of d**4/4 - d**3/3 + d**2 - 2. What is z(c)?
8
Let q(w) = 2 - w**2 + 2 - 4*w - 7. Suppose g = -3*g - 20. Calculate q(g).
-8
Let c(q) be the second derivative of -2*q**3/3 + q**2/2 - 7*q. Give c(1).
-3
Let f(i) = i. Let s = 2 + 1. Let x(o) = -3 + s - 1. Let u(a) = -5*f(a) - x(a). Give u(-1).
6
Let p(w) be the second derivative of w**4/12 + w**3/6 + 4*w**2 + 28*w. Determine p(0).
8
Let l = 16 + -12. Let f(n) = n - 2. Calculate f(l).
2
Let x(q) = -3*q**2 - 8*q - 2. Let y(d) = -d**2 - d - 6. Let h(r) = -3*r**2 - 3*r - 17. Let w(i) = -6*h(i) + 17*y(i). Let v(s) = -6*w(s) - x(s). Give v(-2).
-14
Let v(j) be the third derivative of -j**4/24 + j**3 - 29*j**2. Give v(0).
6
Let f(h) = h**3 + h**2 - h + 2. Let v be 1*(1 - -5 - 3). Let l = -3 + v. Let a be ((-3)/(-6) + -1)*l. Determine f(a).
2
Let s be -3*(-3 + 8/3). Let u(f) = 6*f**3 - 1. Give u(s).
5
Let s = 3 - -2. Let o be 2/s - (-36)/10. Suppose -2*a - 3 = 3*r + a, -r - o*a = 1. Let p(m) = -2*m + 1. Give p(r).
3
Let p(c) be the first derivative of -3*c**2/2 + 5*c + 13. Calculate p(7).
-16
Let f(d) = -5*d - 7. Let x = 15 + -22. Let o(k) = 9*k + 14. Let w(y) = x*f(y) - 4*o(y). Give w(-5).
-2
Let g(w) = -14*w - 31. Let k(p) = -5*p - 11. Let d(z) = -4*g(z) + 11*k(z). Let o(c) = c + 4. Let a be o(-4). What is d(a)?
3
Let w be 0/((-1)/(1/(-2))). Let i(u) = u**2 + w*u - 3*u**3 + 1 - u + 2*u**3. Let x(p) = -6*p**3 + 8*p**2 - 5*p + 6. Let a(n) = 5*i(n) - x(n). Give a(3).
-1
Let q be 4 - (-16 - 1) - 2. Let f = 13 - q. Let u(l) = l**2 + 7*l + 9. Give u(f).
3
Let z be ((-4)/(-3))/(32/24). Suppose 17 = -3*s - 4*m, -m - z = 2*s + 2. Let d(x) = 4*x + 1. Give d(s).
5
Let s(u) be the first derivative of u**4/4 + u**3/3 - 3*u**2/2 - 3*u + 12. Calculate s(-3).
-12
Let m(w) be the first derivative of w**4/4 - 5*w**3/3 + 2*w**2 - 6. Determine m(4).
0
Let q(o) be the second derivative of -o**5/20 - o**4/24 - o**3/6 + 2*o**2 - o. Let z(j) be the first derivative of q(j). Determine z(-1).
-3
Let y(b) = b + 10. Let w(v) = -8*v - 3. Let u = 10 + -17. Let a(o) = -25*o - 10. Let z(l) = u*w(l) + 2*a(l). Let s be z(-1). Determine y(s).
5
Let d(g) = 5*g**2 + 5*g. Let i(v) = -v**2 - v + 1. Let b(m) = d(m) + 6*i(m). Let h = -6 - -6. Determine b(h).
6
Let l(n) be the second derivative of n**8/6720 - n**7/504 + n**6/144 + n**4/12 - n. Let s(p) be the third derivative of l(p). Calculate s(4).
4
Let l(c) be the second derivative of -2*c**2 + 0 + c - 1/3*c**3. Determine l(-5).
6
Let z(t) = t**2 - t - 6. Let b be -2 + 1 + -1 + 2. Let x be z(b). Let n(j) be the second derivative of j**3/6 + 9*j**2/2 - 2*j. Give n(x).
3
Let c(r) = 5*r + 16. Let o(k) = -k - 3. Let y(i) = -2*c(i) - 11*o(i). What is y(2)?
3
Suppose 0 = 12*a - 8*a + 20. Let v(d) = -d**2 - 2*d - 2. Let q(c) = -c. Let z(m) = a*q(m) + v(m). Calculate z(4).
-6
Suppose -9 - 39 = -8*j. Let f = 12 - 7. Let m(w) = -w + w - w + f. Give m(j).
-1
Let o(v) = -3*v. Let f(y) = y**2 + 9*y + 8. Let m be f(-8). Let n = 2 - m. Calculate o(n).
-6
Suppose 0 = 4*q - 3*d - 18, 2*q - 2*d - 9 = 1. Let a(h) = h - q - 4*h + 4*h - 4. Determine a(0).
-7
Let o(s) = s. Let t be o(5). Let a(v) = -5*v + 1. Let l(i) = i**2 + 1. Let r(u) = a(u) + l(u). Give r(t).
2
Let z(g) be the third derivative of -g**4/12 + 2*g**2. Give z(-4).
8
Let j(a) = -a**2 + 7*a - 4. Let w(n) = -n - 3. Let y be w(-9). Calculate j(y).
2
Let r(q) = -q**3 + 6*q**2 - 7*q + 2. Let d = 8 - 5. Let a = d - 7. Let p be (20/6)/(a/(-6)). Give r(p).
-8
Let r = 0 + -2. Let w(x) be the second derivative of x**6/360 + x**5/60 + x**4/8 - x**3/2 + x. Let d(k) be the second derivative of w(k). Determine d(r).
3
Let s(b) be the third derivative of -3*b**4/8 - 6*b**2. Suppose -3*c + 4 = -7*c. Give s(c).
9
Let o(v) be the third derivative of v**5/60 - v**4/8 - v**3/6 - v**2. Give o(3).
-1
Let n = -5 - -2. Suppose 0 = -2*j + 6*j. Let m(i) = 3 - i**2 + 2*i**2 + 6*i + j*i**2. What is m(n)?
-6
Let j(m) = -5 + 4*m**2 + 1 - m**3 - 5*m**2 - 2*m - 5*m**2. Give j(-6).
8
Let z(n) = n**2 + 3*n + 4. Suppose 0 = 8*g - 4*g + 8. Let m be (2 + -13)/((-2)/g). Let v = 7 + m. Determine z(v).
8
Let k(d) = 3*d**3 - 8*d**2 + d + 2. Let v(z) = -3*z**3 + 7*z**2 - z - 2. Let q(m) = 3*k(m) + 4*v(m). Calculate q(2).
-12
Let g(p) = 3*p + 3. Suppose 0 = v + n - 3, 3*v - 8 = -n - n. Suppose l + v*l = -6. Give g(l).
-3
Let x(n) = n - 10. Let j be x(7). Let q(o) = o. Let b(t) = t**3 + 3*t**2 - 2*t - 3. Let u(v) = b(v) + q(v). Determine u(j).
0
Let u = 173 + -161. Let m(t) = -t + 14. Calculate m(u).
2
Let k(t) = 5*t**2 + t + 1. Let u be k(-1). Let g(r) = -r**3 + u + r**2 + 3 + 0*r**2. Suppose -4*d - s + 1 = 0, 3*s + s - 4 = -d. Give g(d).
8
Suppose -k + 4*z = -68, z + 182 = -2*k + 5*k. Let f = k - 32. Let x(t) = 0*t + f - 32 - t. Give x(-6).
2
Let w(p) = p**2 - 9*p + 10. Let j be w(2). Let r(l) = l + 2. Calculate r(j).
-2
Let y(r) be the second derivative of -r**4/24 + r**3/6 + r**2/2 - 2*r. Let z(f) be the first derivative of y(f). Determine z(4).
-3
Let n(a) = a + 2. Let q(u) = 3*u - 1. Let s be q(-1). Let o be (3 + s)/((-2)/4). Give n(o).
4
Let y(x) = -x**3 - 7*x**2 - 6*x. Let u(c) = 5 - 4*c + 11*c + c**2 - 1. Let h be u(-5). Give y(h).
0
Let j(n) = -2*n + 3. Suppose 0 = 2*p + p - 6. Determine j(p).
-1
Let i be (-12 - 0)*(-8)/(-16). Let x(k) = 2*k + 7. Give x(i).
-5
Let v(c) = -c. Let u(z) = 2*z**2 + 2*z - 1. Let k(x) = u(x) - v(x). Determine k(-3).
8
Let w(k) = -k**3 - 3*k**2 + 2*k + 1. Suppose -j + 4*j = 6. Suppose -5*n - i - 19 = 0, 6*n + 32 = j*n - 5*i. Calculate w(n).
-5
Suppose 2*n = 5*n - 6. Let j(y) = 10*y**2 - 2*y**2 - 3*y**2 - n*y**2. Determine j(-2).
12
Let c(n) = 2*n**3 + 9*n**2 + 13*n - 2. Let m(u) = u**3 + 5*u**2 + 7*u - 1. Let i(a) = 6*c(a) - 11*m(a). What is i(2)?
5
Suppose -4*o = -o - 6. Suppose o*r - 6 = -r. Let w(m) = -3 + m**2 + 4*m - 2*m + 2. Calculate w(r).
7
Let p(j) = 2*j - 2*j**2 - 2 - j**3 + 0 - j**2. Let n = 20 - 24. What is p(n)?
6
Let f(d) be the first derivative of d**5/120 + d**4/24 - d**3/3 - 1. Let v(n) be the third derivative of f(n). What is v(5)?
6
Let l(f) = -f**3 + 5*f**2 + 6*f. Suppose 2*m - 3 = t - 1, 4*t - 4 = -4*m. Let a be m + 8 + -3 + 0. What is l(a)?
0
Let y = -5 - -3. Let l(d) = 2*d - 2 + 5 - 4. What is l(y)?
-5
Suppose v + 4 = -3*v. Let t be (-3)/v - (0 + 3). Suppose 3*b - 27 = -b + 3*u, 4*b - 4*u - 32 = t. Let o(d) = -d + 3. Calculate o(b).
0
Let f(y) be the third derivative of -y**5/60 + 5*y**4/12 + 17*y**3/6 - 2*y**2 - 23. Calculate f(12).
-7
Let z = -15 + 18. Let x(w) be the first derivative of -w**4/8 + w**3/2 + w**2 + 1. Let r(d) be the second derivative of x(d). Determine r(z).
-6
Let l(b) = -2*b + 5. Let x be l(8). Let d(g) = 6*g**3 - 4*g**2 + 4*g - 3. Let p(j) = -31*j**3 + 21*j**2 - 21*j + 16. Let r(n) = x*d(n) - 2*p(n). What is r(1)?
-3
Let t = -5 + 7. Let r(x) = 15*x - 2. What is r(t)?
28
Suppose l + 16 - 4 = 0. Let i = -16 - l. Let q(h) = h**2 + 4*h - 1. Calculate q(i).
-1
Suppose v - w = -3 - 4, 0 = -2*v + 4*w - 24. Let x be v/(-9) + (-76)/18. Let p(q) = -q**3 - 5*q**2 - 3*q. Give p(x).
-4
Let s = 35 + -40. Let l(o) = -o - 3. Determine l(s).
2
Let x(u) = -2*u - 18. Let g be x(-5). Let p(h) = 4*h + 10. What is p(g)?
-22
Let d(l) = 14*l - 1. Let g = -13 + 14. Determine d(g).
13
Let c(y) = -33 + 78 - 4*y**2 - 43 + y**3 - 2*y. Calculate c(4